23*u**2 - 3*u - u - 4*u**3 + 6*u**3 - 14 - 5*u. Let h(g) = -g**3 + 11*g**2 + 4*g + 7. Let w(p) = 6*b(p) + 13*h(p). What is w(5)?
-3
Let n(q) be the second derivative of 13*q**3/6 + 3*q**2/2 + 12*q + 6. Give n(-2).
-23
Let v be 1 - ((-44)/10)/(6/(-15)). Let q(z) = z**3 + 9*z**2 - 10*z + 6. What is q(v)?
6
Let q(h) = h**2 + 13*h + 13. Let s be q(-12). Let z(j) = 0 - s - 2 + 2. Let y(b) = b**2 - 3. Let g(c) = -3*y(c) + 7*z(c). What is g(-2)?
-10
Let r(h) = -h**3 - 4*h**2 - 5*h - 4. Let g be r(-3). Let o(w) = -9*w - 2*w**2 + 10*w + 4*w**g + 7*w**2. Give o(-1).
8
Let t(j) = -4*j + 4*j + j - 6. Suppose -54*i = -44*i - 80. Calculate t(i).
2
Suppose 0 - 10 = -5*v. Let l(b) = -5*b - 11. Let t(u) = 2*u + 4. Suppose 0*p = -5*p + 15. Let n(r) = p*l(r) + 8*t(r). Determine n(v).
1
Let w(y) be the first derivative of -2*y**3 + y**2 - 77. Calculate w(2).
-20
Suppose 10 = -4*z + 58. Suppose -3*k = k - z. Let n(x) = -4 + 4*x**2 + x - 5*x - 3*x**2. Give n(k).
-7
Let j(t) = -22*t**3 + 51*t**2 + 9*t + 22. Let g(f) = 3*f**3 - 7*f**2 - f - 3. Let k(l) = -15*g(l) - 2*j(l). Let z = -1 - -3. Determine k(z).
-1
Let v(w) = -w - 7. Let s(q) = 1. Let c(o) = 5*s(o) - v(o). What is c(-7)?
5
Let q(n) = n**2 + 5*n + 2. Suppose 4*m + i - 40 = 20, 2*m - 3*i - 30 = 0. Suppose 3*p = -4*l + 15 - 45, 2*p = -l - m. Give q(p).
8
Let g(o) = o**3 - 3*o**2 + o + 1. Let i be (-2 + 1/2)*10. Let a = -13 - i. Give g(a).
-1
Let v(w) = 4*w - 10. Suppose 24 = 4*l - 0*l. Suppose 0 = -0*d + d + l. Let k(g) = -5*g + 11. Let p(n) = d*v(n) - 5*k(n). Give p(-4).
1
Let g(w) = 11 - 43*w + 1 + 7*w - 10. Give g(-1).
38
Let i(r) be the first derivative of r**3/3 + 7*r**2/2 - r - 297. Determine i(-6).
-7
Suppose 5*t - 37 = -4*y, 4*y + 0*y + 2*t = 22. Let v(o) = -6*o + 2 + y*o - 8 + 4*o. Determine v(0).
-6
Let o(i) = -3*i + 7. Let t = -912 + 921. What is o(t)?
-20
Let n = -9 - -16. Let t(g) = -n + g - 4*g + 4*g. Suppose 0 = -2*f - 2*f - 4*l - 20, 0 = 2*f - l - 5. Give t(f).
-7
Let n be ((-5)/10)/((-3)/(-18)). Let q(v) = -v**3 - 5*v**2 - 2*v + 4. Calculate q(n).
-8
Suppose -8*o + 5*o = 6. Let u be (-12)/(o + 1) - -2. Let m(v) = 15*v - 2 - 2 - u*v. Give m(0).
-4
Let z(d) be the second derivative of d**5/5 - d**3/6 - d**2 + 24*d. Let g(r) = -5*r**3 + r + 3. Let q(y) = -2*g(y) - 3*z(y). What is q(1)?
-1
Suppose 2*a = 3*l + 11, 5*a = -3*l + 27 + 11. Let c(b) = b**3 - 10*b**2 + 3*b**2 - 3 + a*b**2. Calculate c(0).
-3
Let l(s) = s**2 + 3*s + 9. Let b be l(-5). Let g = 20 - b. Let h(m) = -2*m**2 - m + 1. Give h(g).
-2
Let o(m) = m - 6*m + 1062 - 1060 + 22*m. Calculate o(-1).
-15
Let u = -902 + 909. Let p(v) = 2*v**2 - 14*v - 2. What is p(u)?
-2
Let m(y) = y - 2. Suppose -15 = -3*c + 5*s, 2*s - 11 = -4*c + 9. Suppose -c*v + 44 = 4. Determine m(v).
6
Let f(z) = 2*z**2 - 4*z + 2. Let a be f(2). Let q(w) = -2*w - 1. What is q(a)?
-5
Let q be (-2 + -2)*48/32. Let w(o) = o + 14. Give w(q).
8
Suppose -4*n = -9*n + 10. Let d(l) = -l**2 - 5*l + 5. Calculate d(n).
-9
Let f(k) = 5*k + 7. Let q = -32 - -35. Let m(g) = 7*g - q*g + 2 - 2*g + 0*g. Let w(t) = 3*f(t) - 8*m(t). Determine w(0).
5
Let t(y) = -11*y - 2. Suppose -663*f + 678*f = 15. What is t(f)?
-13
Let s be 4/((-9)/((-225)/10)). Let a(f) = 9*f + 13*f - 21*f - 16. Determine a(s).
-6
Let r be (-6)/7*(3 - 0 - -4). Let b(v) = -v - 8. Give b(r).
-2
Suppose 8*q - 111 = 1. Let z(g) = -4 - q*g**3 + 22*g**3 - 10*g**3 + 4*g**2 + 2*g. Calculate z(3).
-16
Let m(o) = -o**2 - 9*o - 5. Let u = -1841 + 1832. Determine m(u).
-5
Let a(k) = -3*k**3 - 2*k - 1. Let y be a(1). Let l(m) = 2*m - 6. What is l(y)?
-18
Suppose -4*t = 5*t - 5*t. Suppose -2*c + t*c + 14 = 0. Let y(n) = -2*n + 4. What is y(c)?
-10
Suppose -17 = 3*v - 5, -10 = 3*c + 4*v. Suppose -c*s = -2*n - 20, -s = 3*n + 10 - 0. Let f(u) = -u**2 - 6*u - 1. Determine f(n).
4
Let v be (2 - 9/(-1)) + -3. Let u(s) = s - v - 5 + 13. Give u(3).
3
Suppose 4*k = 8*k + 20. Let s = 8 + -6. Let g(r) = r + r - s*r + 2 + 3*r. Calculate g(k).
-13
Let n(h) be the third derivative of -h**5/30 - 5*h**4/12 - 2*h**3/3 + 237*h**2. Determine n(-4).
4
Let p = -1 - -7. Suppose -v = -2*u - p, -3*u - 9 = -v - 0*v. Let h(z) = -z**2 + 19. Determine h(v).
19
Let b = -13 - -14. Let r(o) = -3*o**2 + 9*o**2 + 0*o**2. Calculate r(b).
6
Let p(o) = o - 4. Suppose -3*n - 15 = 0, 0 = -2*b + 3*b - n - 32. Let q = -24 + b. Calculate p(q).
-1
Let h(y) be the second derivative of 1/2*y**3 - y**2 + 8*y + 0 + 1/8*y**4. Let t(w) be the first derivative of h(w). Give t(-5).
-12
Let h = 51 + -39. Let k(o) = -2*o + 17. Calculate k(h).
-7
Suppose 3*o + 2*o = 15. Let w = 32 + 102. Let s(a) = a + a - w + 137. Calculate s(o).
9
Let g(d) = -d**3 + d. Let n(y) = -4 - y - 9*y**2 - 6*y**3 + 6*y**2 + 10*y**2. Let f(z) = -5*g(z) + n(z). Give f(6).
-4
Suppose l - 6 = 2*c, -5*l - 5*c = -0*c - 30. Suppose 0*h - l = -3*h. Suppose 5*p = -u + 23, -3*p + 15 = 5*u + h*p. Let f(g) = 2*g + 1. Calculate f(u).
-3
Let d(c) = -c**2 + 7*c + 121. Let x be d(15). Let b(l) = 11*l - 2. What is b(x)?
9
Suppose i - 4 = 3. Let y(d) = -13*d**2 - 5*d + 12*d - 6 - i*d**2 + 18*d**2. Suppose -t + 0 = -4. Determine y(t).
-10
Let y(h) = h**2 - 8*h - 15. Suppose -41*b + 36*b - 30 = -p, -4*p + 44 = -b. Determine y(p).
5
Let o(x) = -x**3 - 9*x**2 + 6*x + 8. Suppose -21*b = -9*b + 120. Calculate o(b).
48
Let l(v) = -4*v**2 + 3*v + 5. Let o(g) = -g**2 - 1. Let u(y) = -l(y) + 3*o(y). Let j(f) be the first derivative of u(f). What is j(6)?
9
Suppose 32 = -5*g + 7. Let d(w) be the second derivative of w**3/3 + 3*w**2 + 11*w. Calculate d(g).
-4
Let o = -403 + 408. Let c(b) = 8*b + 2. Give c(o).
42
Let d(l) = -7*l**3 + l**2. Let n = -8 + 13. Suppose 2*t = 2*j - 3 + 5, -j - n = -3*t. Suppose 5*c = -t - 3. Give d(c).
8
Let k(v) = v**2 + 2*v - 3. Suppose -5 = q, 36 = -4*w - 6*q + 2*q. Calculate k(w).
5
Let b(m) = -m**2 + 21*m - 29*m + 0*m - 3. Calculate b(-8).
-3
Let k be -4 - (-65 - (-5 + 4)). Suppose 0 = -10*j - k - 50. Let l(h) = -h - 9. Calculate l(j).
2
Suppose 8*s - 4*s - 5*w = -25, -4*w + 20 = -5*s. Let m(z) be the second derivative of -1/2*z**2 - 1/2*z**3 + 6*z + s. What is m(2)?
-7
Let q(w) be the first derivative of -2*w**2 - 20 + 4/3*w**3 - 1/4*w**4 + 3*w. What is q(3)?
0
Let m(l) = 1 + 8 + 3 - l. Determine m(9).
3
Let h(f) = 2*f**3 - 3*f**2 + 3*f - 3. Let k = 225 + -223. Determine h(k).
7
Let k(c) = -3*c - 1. Suppose 3*z + 2*p + 3 = -5, 5*p + 20 = -3*z. Let g(q) = q**2 - 10. Let v be g(z). Let i = 11 + v. Give k(i).
-4
Let c(l) = -l**3 + 14*l**2 - 14*l + 15. Let b(z) = z**2 + 9*z + 33. Let y be b(-5). Determine c(y).
2
Let l = 61 - 57. Let x(r) = -r**2 + 2*r - 7. Suppose 4*q + 21 = -7. Let d(y) = 4*y**2 - 7*y + 22. Let c(s) = q*x(s) - 2*d(s). Calculate c(l).
-11
Let x(b) = 3*b + 5. Let h(a) = a. Suppose 0 = -98*t + 100*t + 2. Let q(o) = t*x(o) + 5*h(o). What is q(6)?
7
Let n(t) = t + 6. Let j be n(7). Suppose 8 = -5*x + j. Let i(m) = 7*m**3 + m**2. Calculate i(x).
8
Let b(i) = -2*i**3 - 3*i**2 + 1. Let g(h) = -8*h**3 - h**2 - 2*h - 1. Let n be g(-1). Suppose 19*w = 15*w - n. What is b(w)?
5
Let c(o) be the first derivative of o**3 + o**2 - 2*o - 12. Suppose 0 = -4*p + 3*p - 8. Let b(s) = s**2 + 7*s - 10. Let t be b(p). What is c(t)?
6
Let y be (-15)/6*(-6)/3. Suppose -21 + 1 = -5*r. Let b(d) = -r*d + d - 1 + 5 + y*d. What is b(-6)?
-8
Let r = -1213 - -1204. Let s(q) = 2*q + 12. Determine s(r).
-6
Let l(g) be the third derivative of 0*g + 4*g**2 - 3/20*g**5 - 1/24*g**4 + 1/6*g**3 + 0. What is l(1)?
-9
Let x be 0 - 1/(-3 - 4/(-1)). Let y(r) = -2*r - 2. Give y(x).
0
Let a = -1614 - -1614. Let m(k) = -k - 7. Calculate m(a).
-7
Let v(q) = -11*q**2 + q + 1. Suppose 0 = 4*n + 5*j - 117, -5*n + 7*j = 9*j - 159. Suppose 7*s = 26 - n. What is v(s)?
-11
Let w(x) = -24*x + 4. Let g(t) = 5*t. Let k(z) = 5*g(z) + w(z). Determine k(-6).
-2
Let r(x) = 74*x**2 - 73*x**2 - x - 3 - 1. Let g be (-94 - -94)/(-1 - (-1 - -2)). Calculate r(g).
-4
Let y(h) = -3*h. Let a(t) = -3*t + 5. Let u(x) = 3*a(x) - 2*y(x). What is u(7)?
-6
Suppose 0 = 5*k + 20*v - 16*v - 2, 4*k - 18 = 5*v. Let y(n) = -4*n + 2*n + 0*n. Determine y(k).
-4
Let o(k) = -2*k - 5. Let l(i) = -i**2 - 15*i - 52. Let c be l(-8). Let f be (-1)/c*-4 + 6. Determine o(f).
-19
Let x = 126 - 125. Let t(j) = j - 2. Determine t(x).
-1
Suppose 28*l - 32 = 12*l. Let d(f) be the f